divided by 1062?
1002
Calculate the remainder when 2947 is divided by 180.
67
Calculate the remainder when 346940 is divided by 27.
17
Calculate the remainder when 2417 is divided by 390.
77
What is the remainder when 15355 is divided by 15101?
254
Calculate the remainder when 7068 is divided by 1385.
143
Calculate the remainder when 11779 is divided by 131.
120
Calculate the remainder when 16581 is divided by 1071.
516
Calculate the remainder when 7858 is divided by 3699.
460
Calculate the remainder when 312519 is divided by 14.
11
Calculate the remainder when 18160 is divided by 132.
76
What is the remainder when 25120 is divided by 644?
4
Calculate the remainder when 6373 is divided by 722.
597
Calculate the remainder when 83760 is divided by 11.
6
Calculate the remainder when 954396 is divided by 237.
234
What is the remainder when 1592 is divided by 125?
92
Calculate the remainder when 6045 is divided by 606.
591
Calculate the remainder when 63431 is divided by 9038.
165
What is the remainder when 177803 is divided by 215?
213
What is the remainder when 4870478 is divided by 43?
40
What is the remainder when 70689 is divided by 86?
83
Calculate the remainder when 2179 is divided by 1101.
1078
What is the remainder when 13071 is divided by 92?
7
Calculate the remainder when 40932 is divided by 28.
24
What is the remainder when 4022 is divided by 696?
542
What is the remainder when 769 is divided by 35?
34
Calculate the remainder when 8578 is divided by 1714.
8
What is the remainder when 2264549 is divided by 62?
61
Calculate the remainder when 207050 is divided by 42.
32
What is the remainder when 73219 is divided by 62?
59
Calculate the remainder when 71487 is divided by 3249.
9
What is the remainder when 6598 is divided by 236?
226
What is the remainder when 2445 is divided by 409?
400
What is the remainder when 4677 is divided by 38?
3
What is the remainder when 6162 is divided by 1539?
6
Calculate the remainder when 135318 is divided by 79.
70
Calculate the remainder when 238037 is divided by 33.
8
Calculate the remainder when 474 is divided by 85.
49
What is the remainder when 34051 is divided by 4864?
3
Calculate the remainder when 2521 is divided by 368.
313
What is the remainder when 20514 is divided by 10252?
10
What is the remainder when 762 is divided by 742?
20
What is the remainder when 479432 is divided by 253?
250
What is the remainder when 11528 is divided by 32?
8
What is the remainder when 50744 is divided by 3624?
8
Calculate the remainder when 319281 is divided by 49.
46
What is the remainder when 21803 is divided by 10?
3
What is the remainder when 11288 is divided by 188?
8
Calculate the remainder when 14753 is divided by 378.
11
What is the remainder when 32451 is divided by 405?
51
Calculate the remainder when 3522 is divided by 1750.
22
Calculate the remainder when 213310 is divided by 1546.
1508
What is the remainder when 32580 is divided by 10840?
60
What is the remainder when 981 is divided by 869?
112
What is the remainder when 30258 is divided by 3753?
234
What is the remainder when 6471 is divided by 2144?
39
Calculate the remainder when 28558 is divided by 124.
38
Calculate the remainder when 8867 is divided by 104.
27
Calculate the remainder when 2722 is divided by 176.
82
What is the remainder when 28004 is divided by 29?
19
Calculate the remainder when 100832 is divided by 7.
4
Calculate the remainder when 72299 is divided by 482.
481
What is the remainder when 15129 is divided by 889?
16
Calculate the remainder when 4576 is divided by 821.
471
Calculate the remainder when 9249 is divided by 658.
37
What is the remainder when 2341 is divided by 1?
0
Calculate the remainder when 100561 is divided by 44.
21
What is the remainder when 2540 is divided by 55?
10
What is the remainder when 19646 is divided by 1395?
116
What is the remainder when 3007 is divided by 277?
237
Calculate the remainder when 14791 is divided by 1643.
4
What is the remainder when 8418 is divided by 39?
33
What is the remainder when 440180 is divided by 155?
135
What is the remainder when 1450847 is divided by 3?
2
Calculate the remainder when 13988 is divided by 326.
296
What is the remainder when 27472 is divided by 1893?
970
Calculate the remainder when 120485 is divided by 3765.
5
What is the remainder when 22337 is divided by 545?
537
What is the remainder when 48093 is divided by 62?
43
Calculate the remainder when 930 is divided by 886.
44
Calculate the remainder when 157889 is divided by 157875.
14
What is the remainder when 157750 is divided by 78871?
8
Calculate the remainder when 225864 is divided by 431.
20
Calculate the remainder when 64690 is divided by 21554.
28
Calculate the remainder when 24085 is divided by 38.
31
Calculate the remainder when 10099 is divided by 717.
61
Calculate the remainder when 3467 is divided by 99.
2
What is the remainder when 3197 is divided by 30?
17
What is the remainder when 3722 is divided by 217?
33
What is the remainder when 9517 is divided by 1902?
7
What is the remainder when 13899 is divided by 919?
114
What is the remainder when 982123 is divided by 1125?
1123
What is the remainder when 781 is divided by 339?
103
What is the remainder when 1317770 is divided by 63?
62
What is the remainder when 5412 is divided by 71?
16
What is the remainder when 218653 is divided by 1885?
1878
What is the remainder when 49601 is divided by 26?
19
Calculate the remainder when 11865 is divided by 28.
21
Calculate the remainder when 41220 is divided by 2423.
29
What is the remainder when 22116 is divided by 360?
156
What is the remainder when 216574 is divided by 107?
6
What is the remainder when 1379 is divided by 1350?
29
Calculate the remainder when 4027 is divided by 26.
23
Calculate the remainder when 6960 is divided by 1390.
10
What is the remainder when 4801 is divided by 1253?
1042
Calculate the remainder when 29961 is divided by 38.
17
Calculate the remainder when 2361 is divided by 1046.
269
What is the remainder when 281597 is divided by 103?
98
What is the remainder when 39788 is divided by 8?
4
Calculate the remainder when 141182 is divided by 151.
148
Calculate the remainder when 4683 is divided by 117.
3
Calculate the remainder when 8849 is divided by 1767.
14
Calculate the remainder when 736032 is divided by 16.
0
Calculate the remainder when 26847 is divided by 37.
22
What is the remainder when 8622 is divided by 104?
94
What is the remainder when 1371368 is divided by 286?
284
What is the remainder when 79932 is divided by 571?
563
Calculate the remainder when 74465 is divided by 337.
325
Calculate the remainder when 1768480 is divided by 114.
112
Calculate the remainder when 224577 is divided by 22456.
17
What is the remainder when 3369 is divided by 1315?
739
Calculate the remainder when 743 is divided by 235.
38
Calculate the remainder when 24009 is divided by 1135.
174
Calculate the remainder when 475963 is divided by 536.
531
Calculate the remainder when 1215595 is divided by 73.
72
Calculate the remainder when 4563 is divided by 380.
3
Calculate the remainder when 226951 is divided by 86.
83
Calculate the remainder when 2724 is divided by 1235.
254
Calculate the remainder when 4532 is divided by 228.
200
Calculate the remainder when 129997 is divided by 24.
13
Calculate the remainder when 2880 is divided by 85.
75
What is the remainder when 958 is divided by 245?
223
What is the remainder when 1340 is divided by 999?
341
What is the remainder when 134607 is divided by 752?
751
Calculate the remainder when 1063 is divided by 343.
34
Calculate the remainder when 18683 is divided by 433.
64
What is the remainder when 1974923 is divided by 7?
6
Calculate the remainder when 17229 is divided by 255.
144
What is the remainder when 1029 is divided by 495?
39
Calculate the remainder when 463967 is divided by 193.
188
What is the remainder when 14387 is divided by 2873?
22
Calculate the remainder when 1705 is divided by 80.
25
Calculate the remainder when 16882 is divided by 201.
199
Calculate the remainder when 12339 is divided by 263.
241
What is the remainder when 1673 is divided by 510?
143
Calculate the remainder when 1841 is divided by 1020.
821
Calculate the remainder when 993 i